{"id":112,"date":"2026-03-03T16:04:20","date_gmt":"2026-03-03T15:04:20","guid":{"rendered":"https:\/\/dobrestrechy.sk\/new\/?page_id=112"},"modified":"2026-04-14T15:58:32","modified_gmt":"2026-04-14T14:58:32","slug":"klampiarske-prace","status":"publish","type":"page","link":"https:\/\/dobrestrechy.sk\/index.php\/klampiarske-prace\/","title":{"rendered":"Klampiarske pr\u00e1ce"},"content":{"rendered":"\t\t<div data-elementor-type=\"wp-page\" data-elementor-id=\"112\" class=\"elementor elementor-112\" data-elementor-settings=\"{&quot;ha_cmc_init_switcher&quot;:&quot;no&quot;}\">\n\t\t\t\t<div class=\"elementor-element elementor-element-fbe7916 e-con-full e-flex e-con e-parent\" data-id=\"fbe7916\" data-element_type=\"container\" data-e-type=\"container\" data-settings=\"{&quot;background_background&quot;:&quot;classic&quot;,&quot;_ha_eqh_enable&quot;:false}\">\n\t\t\t\t<div class=\"elementor-element elementor-element-48799bd elementor-widget elementor-widget-spacer\" data-id=\"48799bd\" data-element_type=\"widget\" data-e-type=\"widget\" data-widget_type=\"spacer.default\">\n\t\t\t\t\t\t\t<div class=\"elementor-spacer\">\n\t\t\t<div class=\"elementor-spacer-inner\"><\/div>\n\t\t<\/div>\n\t\t\t\t\t\t<\/div>\n\t\t\t\t<\/div>\n\t\t<div class=\"elementor-element elementor-element-125719e e-flex e-con-boxed e-con e-parent\" data-id=\"125719e\" data-element_type=\"container\" data-e-type=\"container\" data-settings=\"{&quot;_ha_eqh_enable&quot;:false}\">\n\t\t\t\t\t<div class=\"e-con-inner\">\n\t\t\t\t<div class=\"elementor-element elementor-element-ec10590 elementor-widget elementor-widget-spacer\" data-id=\"ec10590\" data-element_type=\"widget\" data-e-type=\"widget\" data-widget_type=\"spacer.default\">\n\t\t\t\t\t\t\t<div class=\"elementor-spacer\">\n\t\t\t<div class=\"elementor-spacer-inner\"><\/div>\n\t\t<\/div>\n\t\t\t\t\t\t<\/div>\n\t\t\t\t<div class=\"elementor-element elementor-element-8b4a2a2 elementor-widget elementor-widget-page-title\" data-id=\"8b4a2a2\" data-element_type=\"widget\" data-e-type=\"widget\" data-widget_type=\"page-title.default\">\n\t\t\t\t<div class=\"elementor-widget-container\">\n\t\t\t\t\t\t\t\n\t\t<div class=\"hfe-page-title hfe-page-title-wrapper elementor-widget-heading\">\n\n\t\t\t\t\t\t\t\t\t\t\t<a href=\"https:\/\/dobrestrechy.sk\">\n\t\t\t\t\t\t<h2 class=\"elementor-heading-title elementor-size-default\">\n\t\t\t\t\t\t\t\t\n\t\t\t\tKlampiarske pr\u00e1ce  \n\t\t\t<\/h2 > \n\t\t\t\t\t\t\t\t\t<\/a>\n\t\t\t\t\t<\/div>\n\t\t\t\t\t\t<\/div>\n\t\t\t\t<\/div>\n\t\t\t\t<div class=\"elementor-element elementor-element-7076ddb elementor-widget elementor-widget-text-editor\" data-id=\"7076ddb\" data-element_type=\"widget\" data-e-type=\"widget\" data-widget_type=\"text-editor.default\">\n\t\t\t\t\t\t\t\t\t<p>Na\u0161a spolo\u010dnos\u0165 vykon\u00e1va r\u00f4zne klampiarske pr\u00e1ce, z\u00e1rove\u0148 aj predaj a\u00a0servis materi\u00e1lu. Vykon\u00e1vame kompletn\u00fa mont\u00e1\u017e , v\u00fdrobu a\u00a0opravy, oplechovania stre\u0161n\u00fdch kon\u0161trukci\u00ed vr\u00e1tane stre\u0161n\u00fdch \u017e\u013eabov a\u00a0zvodov. V\u00a0ponuke m\u00e1me \u0161irok\u00fa paletu materi\u00e1lov a\u00a0farieb, \u010do umo\u017e\u0148uje prisp\u00f4sobenie klampiarskych prvkov materi\u00e1lov\u00e9mu a\u00a0farebn\u00e9mu \u0161t\u00fdlu dan\u00e9ho objektu a\u00a0t\u00fdm vytv\u00e1ra dokonal\u00fd vizu\u00e1lny s\u00falad kone\u010dn\u00e9ho projektu.<\/p><p>Zrealizovanie merania strechy a\u00a0odborn\u00e9ho poradenstva\u00a0 priamo na stavbe V\u00e1s uist\u00ed ,\u017ee m\u00f4\u017eete by\u0165 s\u00a0v\u00fdberom firmy Dobr\u00e9 Strechy spokojn\u00ed. N\u00e1sledne v\u00e1m vypracujeme predbe\u017en\u00fa cenov\u00fa kalkul\u00e1ciu a\u00a0po dohode zabezpe\u010d\u00edme \u010do najr\u00fdchlej\u0161ie a\u00a0najv\u00fdhodnej\u0161ie dodanie materi\u00e1lu so z\u00e1rukou najvy\u0161\u0161ej kvality.<\/p><p>\u010co sa t\u00fdka klampiarskych prvkov , tie najprv presne na stavbe zameriame a\u00a0n\u00e1sledne ich vyhotov\u00edme v\u00a0profesion\u00e1lnej klampiarskej dielni a\u00a0dovezieme na stavbu u\u017e hotov\u00e9 v\u00fdrobky, ktor\u00e9 osad\u00edme. Takto sme schopn\u00ed zabezpe\u010di\u0165 vysok\u00fa kvalitu , presnos\u0165 a\u00a0r\u00fdchlos\u0165 mont\u00e1\u017ee.<\/p><p>Klampiarske pr\u00e1ce vykon\u00e1vame s\u00a0pou\u017eit\u00edm horolezeckej techniky, alebo plo\u0161iny.<\/p><p>Ka\u017ed\u00fd rok na\u0161i mont\u00e1\u017enici absolvuj\u00fa mno\u017estvo odborn\u00fdch \u0161kolen\u00ed zameran\u00fdch na novinky na trhu a\u00a0kvalitnej\u0161ie\u00a0 nov\u00e9 stre\u0161n\u00e9 technol\u00f3gie.<\/p><p>Vieme, \u017ee strecha je ve\u013ekou invest\u00edciou , ktor\u00fa na\u0161i z\u00e1kazn\u00edci kupuj\u00fa v\u00e4\u010d\u0161inou len raz za \u017eivot, preto kladieme d\u00f4raz na \u0161pi\u010dkovo a\u00a0kvalitne vykonan\u00fa pr\u00e1cu. Klampiarske pr\u00e1ce od firmy Dobre Strechy maj\u00fa predov\u0161etk\u00fdm chr\u00e1ni\u0165 dom a\u00a0majetok pod strechou pred vonkaj\u0161\u00edmi poveternostn\u00fdmi vplyvmi a\u00a0preniknut\u00edm da\u017e\u010fa a\u00a0snehu.<\/p><p>Dokonalos\u0165 strechy v\u0161ak nie je len samotnou krytinou, zvl\u00e1\u0161\u0165 d\u00f4le\u017eit\u00e1 je spr\u00e1vna pokl\u00e1dka a\u00a0dobre rie\u0161en\u00e9 stre\u0161n\u00e9 doplnky.<\/p><p>Na koniec tu m\u00e1te zoznam poskytovan\u00fdch slu\u017eieb, na\u0161e klampiarske pr\u00e1ce :<\/p><p>\u2013\u00a0\u00a0\u00a0\u00a0\u00a0\u00a0\u00a0\u00a0\u00a0 Mont\u00e1\u017e strechy<\/p><p>\u2013\u00a0\u00a0\u00a0\u00a0\u00a0\u00a0\u00a0\u00a0\u00a0 Falcovanie strechy<\/p><p>\u2013\u00a0\u00a0\u00a0\u00a0\u00a0\u00a0\u00a0\u00a0\u00a0 Oplechovanie v\u0161etk\u00fdch stre\u0161n\u00fdch prvkov<\/p><p>\u2013\u00a0\u00a0\u00a0\u00a0\u00a0\u00a0\u00a0\u00a0\u00a0 Mont\u00e1\u017e odkvapov\u00e9ho syst\u00e9mu<\/p><p>\u2013\u00a0\u00a0\u00a0\u00a0\u00a0\u00a0\u00a0\u00a0\u00a0 Mont\u00e1\u017e h\u00e1l<\/p><p>\u2013\u00a0\u00a0\u00a0\u00a0\u00a0\u00a0\u00a0\u00a0\u00a0 Oplechovanie budov<\/p><p>Klampiarske pr\u00e1ce po skon\u010den\u00ed mont\u00e1\u017ee nekon\u010dia, preto\u017ee na\u0161a firma zaru\u010duje n\u00e1sledn\u00fd servis v\u00a0pr\u00edpade in\u0161tal\u00e1cie doplnkov, roz\u0161\u00edren\u00ed strechy , alebo v\u00a0pr\u00edpade po\u0161kodenia. Sme tak aj na\u010falej v\u00a0kontakte so z\u00e1kazn\u00edkom, preto\u017ee len d\u00f4kladne a\u00a0profesion\u00e1lne zrealizovan\u00fd projekt, spo\u013eahlivo sl\u00fa\u017ei \u010fal\u0161ie desiatky rokov.<\/p>\t\t\t\t\t\t\t\t<\/div>\n\t\t\t\t\t<\/div>\n\t\t\t\t<\/div>\n\t\t\t\t<\/div>\n\t\t","protected":false},"excerpt":{"rendered":"<p>Klampiarske pr\u00e1ce Na\u0161a spolo\u010dnos\u0165 vykon\u00e1va r\u00f4zne klampiarske pr\u00e1ce, z\u00e1rove\u0148 aj predaj a\u00a0servis materi\u00e1lu. Vykon\u00e1vame kompletn\u00fa mont\u00e1\u017e , v\u00fdrobu a\u00a0opravy, oplechovania stre\u0161n\u00fdch kon\u0161trukci\u00ed vr\u00e1tane stre\u0161n\u00fdch \u017e\u013eabov a\u00a0zvodov. V\u00a0ponuke m\u00e1me \u0161irok\u00fa paletu materi\u00e1lov a\u00a0farieb, \u010do umo\u017e\u0148uje prisp\u00f4sobenie klampiarskych prvkov materi\u00e1lov\u00e9mu a\u00a0farebn\u00e9mu \u0161t\u00fdlu dan\u00e9ho objektu a\u00a0t\u00fdm vytv\u00e1ra dokonal\u00fd vizu\u00e1lny s\u00falad kone\u010dn\u00e9ho projektu. Zrealizovanie merania strechy a\u00a0odborn\u00e9ho poradenstva\u00a0 priamo [&hellip;]<\/p>\n","protected":false},"author":1,"featured_media":0,"parent":0,"menu_order":0,"comment_status":"closed","ping_status":"closed","template":"","meta":{"footnotes":""},"class_list":["post-112","page","type-page","status-publish","hentry"],"_links":{"self":[{"href":"https:\/\/dobrestrechy.sk\/index.php\/wp-json\/wp\/v2\/pages\/112","targetHints":{"allow":["GET"]}}],"collection":[{"href":"https:\/\/dobrestrechy.sk\/index.php\/wp-json\/wp\/v2\/pages"}],"about":[{"href":"https:\/\/dobrestrechy.sk\/index.php\/wp-json\/wp\/v2\/types\/page"}],"author":[{"embeddable":true,"href":"https:\/\/dobrestrechy.sk\/index.php\/wp-json\/wp\/v2\/users\/1"}],"replies":[{"embeddable":true,"href":"https:\/\/dobrestrechy.sk\/index.php\/wp-json\/wp\/v2\/comments?post=112"}],"version-history":[{"count":4,"href":"https:\/\/dobrestrechy.sk\/index.php\/wp-json\/wp\/v2\/pages\/112\/revisions"}],"predecessor-version":[{"id":117,"href":"https:\/\/dobrestrechy.sk\/index.php\/wp-json\/wp\/v2\/pages\/112\/revisions\/117"}],"wp:attachment":[{"href":"https:\/\/dobrestrechy.sk\/index.php\/wp-json\/wp\/v2\/media?parent=112"}],"curies":[{"name":"wp","href":"https:\/\/api.w.org\/{rel}","templated":true}]}}